 10, what is -62137 + -1?
-62138
In base 6, what is -5111 - 30?
-5141
In base 3, what is -121111221 + 210?
-121111011
In base 2, what is -101110 + -110100000011010?
-110100001001000
In base 2, what is 1011001 + 1000010110001?
1000100001010
In base 7, what is 154 - -141135?
141322
In base 6, what is -12 + 152311?
152255
In base 3, what is 11201102 - 122?
11200210
In base 16, what is -a - -26bb?
26b1
In base 12, what is -3 + 48a809?
48a806
In base 7, what is -146 + 214143?
213664
In base 16, what is -3de2bb - -1?
-3de2ba
In base 9, what is 353 + 4380?
4743
In base 7, what is -31144 + 14?
-31130
In base 14, what is -3 - 13da?
-13dd
In base 12, what is 1549 + 50?
1599
In base 6, what is -5 + 232402?
232353
In base 9, what is -566122 + 0?
-566122
In base 8, what is 3 - -7605203?
7605206
In base 2, what is -11010000110111 - -11?
-11010000110100
In base 12, what is 4 + -60711?
-60709
In base 14, what is -1102 + 0?
-1102
In base 2, what is 10110001110 - -11000?
10110100110
In base 13, what is -151294 + 5?
-15128c
In base 10, what is -71 - 137?
-208
In base 12, what is -3 - a53b?
-a542
In base 11, what is -39180 - 5?
-39185
In base 11, what is 5996 - 45?
5951
In base 16, what is 40 + ab0?
af0
In base 9, what is -44 + -1161?
-1215
In base 13, what is -1008c + 3?
-10089
In base 11, what is 6a9 + -26?
683
In base 8, what is 160 - 3?
155
In base 11, what is 160 + -923?
-773
In base 11, what is 34 - -502?
536
In base 4, what is -30123221 + -30?
-30123311
In base 9, what is -5 + 2116803?
2116787
In base 10, what is -176 - -835?
659
In base 4, what is 11223301223 + -1?
11223301222
In base 11, what is 10999 + -1a?
1097a
In base 4, what is -11 - 32031?
-32102
In base 13, what is -10b + -14?
-122
In base 3, what is 12 + -102110120222?
-102110120210
In base 8, what is -1303122 - 3?
-1303125
In base 11, what is -26a6 - -24a?
-2457
In base 14, what is -1c765 + 5?
-1c760
In base 7, what is 62020523 - -5?
62020531
In base 8, what is 55240 - -1?
55241
In base 15, what is -32 + 10?
-22
In base 9, what is -1 + 353503?
353502
In base 6, what is 500 + 4421?
5321
In base 6, what is 0 - -23341?
23341
In base 9, what is 62237 - -2?
62240
In base 12, what is 28 - 173b1?
-17385
In base 5, what is 1114 + 24?
1143
In base 8, what is 150231 + 62?
150313
In base 4, what is 2 + -122332?
-122330
In base 15, what is -2110 + -c?
-211c
In base 11, what is 26 + -5279?
-5253
In base 8, what is -4677506 + 3?
-4677503
In base 13, what is -2c7912 + 0?
-2c7912
In base 11, what is 716 + 136?
851
In base 13, what is -2 - -55802?
55800
In base 10, what is -212450 - 4?
-212454
In base 10, what is -71010 - -1?
-71009
In base 14, what is -2 - 29d?
-2a1
In base 8, what is 2712 + -262?
2430
In base 7, what is 2121 + 51?
2202
In base 4, what is 222 + 1223022?
1223310
In base 2, what is 100010110000000100 + -101?
100010101111111111
In base 8, what is -50 - -2222?
2152
In base 15, what is -2 + 3d40?
3d3d
In base 14, what is 377 + 620?
997
In base 8, what is 2247 + 267?
2536
In base 13, what is 33846 - -4?
3384a
In base 13, what is -26b - -123?
-148
In base 7, what is 10430 + -221?
10206
In base 16, what is 193 + 1ba?
34d
In base 8, what is -5254 - -34?
-5220
In base 5, what is 23 - 34302?
-34224
In base 12, what is -7a16 + -13?
-7a29
In base 14, what is 1a + 36d6?
3712
In base 9, what is 0 - 31411?
-31411
In base 10, what is -110200 + 4?
-110196
In base 11, what is 2045 - -8?
2052
In base 13, what is -4 + 25571?
2556a
In base 5, what is 0 + 110140023?
110140023
In base 14, what is 9 - 2d7?
-2cc
In base 11, what is -4396 - 24?
-440a
In base 14, what is 43 - -2c6c?
2cb1
In base 10, what is 9346 - -9?
9355
In base 12, what is -28b02 + 0?
-28b02
In base 5, what is 24 - 200342?
-200313
In base 15, what is -4 - 148e?
-1493
In base 11, what is -477082 - 3?
-477085
In base 3, what is -1211 + -1020012002?
-1020020220
In base 15, what is 160 + 34?
194
In base 3, what is -12 - 1012022021102?
-1012022021121
In base 12, what is 33 - 1950?
-1919
In base 3, what is 1112 - 1122200201?
-1122122012
In base 10, what is -195 - -117?
-78
In base 11, what is -44715 + 5?
-44710
In base 8, what is 64706 + 6?
64714
In base 6, what is -3124 - -4?
-3120
In base 16, what is b42ed + 0?
b42ed
In base 9, what is -28 + 2414?
2375
In base 13, what is 1918 - 20?
18c8
In base 4, what is -202 - -312313?
312111
In base 8, what is -261003 + 2?
-261001
In base 15, what is 28 - -271?
299
In base 5, what is -2 - 133413111?
-133413113
In base 8, what is -4 + 17547?
17543
In base 6, what is -2 - 103130?
-103132
In base 9, what is 2 + 424184?
424186
In base 16, what is -1a + -b?
-25
In base 2, what is 101010110001 + 101?
101010110110
In base 2, what is 110000100001 - -11001110?
110011101111
In base 10, what is -1792 + -1170?
-2962
In base 5, what is -3 - -124004?
124001
In base 9, what is -20838 + -343?
-21282
In base 6, what is -500243 - -3?
-500240
In base 13, what is 148a4 - 4?
148a0
In base 4, what is -10 - 1202223312?
-1202223322
In base 2, what is 110100 - -100000111110110?
100001000101010
In base 10, what is 121 + 3125?
3246
In base 11, what is -28193 - a?
-281a2
In base 9, what is 80571 - -3?
80574
In base 9, what is 3 - 25387?
-25384
In base 10, what is -117244 - 13?
-117257
In base 7, what is -5632455 - 2?
-5632460
In base 16, what is 1 - -6223e?
6223f
In base 13, what is 7911 + 19?
792a
In base 13, what is -5 - -4083?
407b
In base 7, what is -26612 - 5?
-26620
In base 12, what is -b7 - 138a?
-1485
In base 3, what is 0 - -2000201212?
2000201212
In base 10, what is 2 - -231167?
231169
In base 11, what is 2099139 - -4?
2099142
In base 12, what is 30b5 + 17?
3110
In base 14, what is 1776a9 - -1?
1776aa
In base 11, what is 4 + 225416?
22541a
In base 4, what is 21232101113 - 2?
21232101111
In base 15, what is 11e2d + -30?
11ded
In base 16, what is -5 - -28413?
2840e
In base 11, what is 5 + 6739?
6743
In base 6, what is -244304 - -21?
-244243
In base 15, what is 4a - -136c?
13b7
In base 16, what is -28a4c - 5?
-28a51
In base 15, what is -c221c + 5?
-c2217
In base 13, what is 2c452 - 1?
2c451
In base 10, what is -224782 + 0?
-224782
In base 9, what is 2383 - 5?
2377
In base 7, what is -4 - 154240?
-154244
In base 9, what is 27 + -2520?
-2482
In base 2, what is 1011010110 - -100001011?
1111100001
In base 3, what is 2220021 - 1?
2220020
In base 6, what is -11221 + 101?
-11120
In base 16, what is 21c - -163?
37f
In base 6, what is -1300312 + 2?
-1300310
In base 12, what is 187582 + -1?
187581
In base 3, what is -1010000122 - -2100?
-1002221022
In base 4, what is 213110302 - -20?
213110322
In base 4, what is -12123 + -230?
-13013
In base 6, what is -5352 + -32?
-5424
In base 2, what is 100 - 11010010100100111?
-11010010100100011
In base 11, what is 60a + 23?
632
In base 11, what is 2342 - -1?
2343
In base 5, what is -412144 + 12?
-412132
In base 10, what is -4 + -18728?
-18732
In base 15, what is -3 + -9a6?
-9a9
In base 15, what is -e549e - d?
-e54ac
In base 11, what is 4 - -28719?
28722
In base 16, what is 94a35d + 4?
94a361
In base 2, what is -10 - 1011101100?
-1011101110
In base 2, what is -100001111010 + -10010?
-100010001100
In base 3, what is -21121 + 202221?
111100
In base 8, what is 14 + 35766?
36002
In base 3, what is -12102112 - -201?
-12101211
In base 14, what is -4247 - 1c?
-4265
In base 14, what is -69 - -7d?
14
In base 16, what is 2 + 51c8?
51ca
In base 7, what is -4106 + -33?
-4142
In base 4, what is -133010133 + -10?
-133010203
In base 8, what is -2 - -100174?
100172
In base 2, what is -100001011010010011 + -110?
-100001011010011001
In base 8, what is 5 + 3454507?
3454514
In base 6, what is -3 + 304440?
304433
In base 5, what is -13103114 + 4?
-13103110
In base 2, what is -100010100110 + -101011111?
-101000000101
In base 6, what is -2 - -10121331?
10121325
In base 2, what is -1 + -10110111010111011?
-10110111010111100
In base 15, what is e83 + -9?
e79
In base 12, what is 6 - 224?
-21a
In base 12, what is 2 + 12b1a?
12b20
In base 2, what is 10100101110101001 + -10?
10100101110100111
In base 7, what is 150322 - 3?
150316
In base 15, what is 5de - 49?
595
In base 5, what is -11201 + 2?
-11144
In base 5, what is -24 - -11424310?
11424231
In base 12, what is 7524 - 11?
7513
In base 10, what is 90 - -134?
224
In base 7, what is -35